common divisor of 10615060 and 124?
4
What is the greatest common factor of 17973457 and 82?
41
Calculate the greatest common factor of 370924 and 7943.
47
Calculate the highest common factor of 32 and 105256704.
32
What is the greatest common divisor of 6 and 171563940?
6
Calculate the highest common factor of 9489720 and 16.
8
What is the greatest common divisor of 6945318 and 99630?
2214
Calculate the highest common factor of 13104 and 212316.
156
Calculate the greatest common factor of 2693236 and 10231.
13
What is the greatest common divisor of 3751480 and 2120?
40
Calculate the highest common factor of 16 and 32198820.
4
What is the greatest common factor of 2606536 and 104876?
668
Calculate the greatest common factor of 20308752 and 100170.
2862
Calculate the greatest common divisor of 449336 and 40.
8
Calculate the greatest common divisor of 13624 and 8481464.
1048
Calculate the highest common factor of 14 and 1333242890.
14
What is the highest common factor of 19083303 and 4612?
1153
Calculate the greatest common factor of 68 and 608164.
4
Calculate the highest common factor of 23007080 and 15.
5
What is the highest common factor of 3322 and 3040987037?
1661
What is the greatest common factor of 1 and 1134792?
1
What is the highest common factor of 575487 and 693?
99
What is the greatest common divisor of 11932 and 959044?
76
What is the greatest common factor of 11242788 and 16836?
732
What is the greatest common factor of 235027712 and 32?
32
Calculate the greatest common divisor of 1444 and 6232684.
76
Calculate the highest common divisor of 23085 and 8311455.
855
What is the greatest common factor of 350 and 1501526950?
350
Calculate the greatest common divisor of 30942 and 1880586.
3438
Calculate the highest common divisor of 1188 and 427801.
11
What is the highest common divisor of 2622 and 3436177?
23
Calculate the highest common factor of 586491 and 33.
3
Calculate the highest common divisor of 1632 and 110712.
24
What is the greatest common factor of 325 and 16715150?
25
What is the greatest common factor of 3457 and 413965379?
3457
What is the highest common divisor of 4580 and 5590200?
20
What is the highest common divisor of 573066400 and 128?
32
Calculate the greatest common divisor of 494 and 134877314.
494
Calculate the highest common factor of 439118 and 1130.
226
What is the highest common factor of 39882 and 1902198?
1734
Calculate the highest common factor of 6281874 and 10206.
162
What is the greatest common divisor of 306 and 24594?
6
What is the highest common factor of 59561089 and 4326?
721
What is the highest common factor of 3910311 and 18?
9
Calculate the greatest common factor of 68 and 155842468.
68
Calculate the greatest common divisor of 1313221367 and 167.
167
Calculate the highest common factor of 14088 and 15564.
12
What is the highest common divisor of 4092995 and 3995?
235
What is the highest common factor of 8008404 and 96?
12
What is the greatest common divisor of 1407528 and 49305?
519
What is the highest common factor of 2570393 and 441?
49
What is the greatest common factor of 4212 and 229202766?
234
Calculate the highest common divisor of 26340001 and 9934.
4967
Calculate the greatest common divisor of 25997409 and 18.
9
Calculate the greatest common divisor of 42180 and 795435.
285
What is the greatest common divisor of 10915254 and 8568?
126
What is the highest common factor of 1043950 and 26050?
50
Calculate the highest common divisor of 142249 and 2244641.
2411
What is the greatest common divisor of 3800951 and 154?
77
Calculate the greatest common divisor of 124261 and 120505.
313
What is the highest common divisor of 326513 and 1705?
11
Calculate the highest common factor of 52899 and 1061415.
687
Calculate the greatest common divisor of 820314 and 90.
18
What is the greatest common divisor of 12223431 and 50431?
1739
Calculate the greatest common divisor of 434 and 30652762.
14
Calculate the highest common factor of 3476 and 2899468.
44
Calculate the greatest common factor of 1157500 and 22250.
250
What is the highest common factor of 134247 and 22890033?
1839
What is the highest common factor of 708 and 11484822?
354
Calculate the highest common divisor of 136884 and 70532.
44
Calculate the highest common factor of 144725 and 6482.
7
What is the highest common divisor of 288 and 7480359?
9
What is the highest common factor of 38688 and 1882112?
32
Calculate the greatest common divisor of 64 and 734055360.
64
Calculate the greatest common divisor of 37147 and 12535731.
307
What is the greatest common divisor of 974 and 41592722?
974
Calculate the greatest common factor of 105388338 and 22.
22
What is the highest common factor of 432 and 16223544?
216
Calculate the highest common factor of 141255 and 1473651.
657
What is the greatest common factor of 3606 and 18801?
3
Calculate the highest common factor of 133650 and 68850.
4050
Calculate the greatest common divisor of 6142895 and 201.
67
Calculate the greatest common divisor of 1837 and 55.
11
What is the highest common divisor of 40992127 and 33?
11
Calculate the highest common divisor of 55352 and 1406999.
407
Calculate the highest common divisor of 6660 and 506700.
180
Calculate the greatest common divisor of 278318370 and 60.
30
Calculate the highest common divisor of 511 and 17553221.
7
Calculate the highest common divisor of 19635 and 193375.
595
Calculate the greatest common factor of 18 and 1721322.
18
Calculate the greatest common factor of 55033104 and 490.
14
What is the highest common divisor of 17114964 and 180?
12
What is the highest common divisor of 3933 and 549459?
9
What is the greatest common factor of 1694 and 1202894?
154
What is the highest common factor of 3632758 and 161?
23
What is the greatest common divisor of 39 and 69260997?
39
What is the highest common divisor of 601434 and 1008?
18
Calculate the highest common factor of 72637998 and 5844.
2922
Calculate the highest common divisor of 1819 and 6978466.
17
What is the highest common factor of 44 and 10949191?
11
Calculate the highest common factor of 725 and 34000760.
145
What is the greatest common factor of 746119 and 33?
11
What is the highest common divisor of 2152 and 680688?
8
What is the greatest common factor of 126 and 772028901?
63
What is the highest common divisor of 4870172 and 3?
1
What is the greatest common factor of 157273074 and 21?
21
Calculate the highest common factor of 45 and 211881545.
5
Calculate the highest common factor of 12 and 127447044.
12
What is the highest common factor of 660 and 33766557?
33
What is the greatest common factor of 3696 and 16463328?
336
Calculate the greatest common divisor of 21239127 and 11193.
273
What is the highest common divisor of 5016 and 7326704?
1672
Calculate the highest common factor of 5982765 and 5025.
1005
What is the greatest common divisor of 49195 and 12200?
5
Calculate the highest common factor of 3244148 and 4.
4
Calculate the highest common factor of 511746172 and 32368.
8092
Calculate the greatest common factor of 91252744 and 114.
38
Calculate the greatest common divisor of 357 and 6831263.
17
What is the greatest common divisor of 50710 and 24210?
10
Calculate the greatest common divisor of 19210 and 217525.
565
Calculate the highest common divisor of 1781106 and 161454.
426
What is the highest common factor of 816 and 159120408?
408
Calculate the greatest common divisor of 20680880 and 35145.
3905
What is the greatest common factor of 44432 and 183720766?
5554
Calculate the greatest common factor of 9342444 and 3156.
12
What is the highest common divisor of 435673 and 448235?
571
Calculate the greatest common divisor of 208 and 2569372.
52
What is the highest common divisor of 974323 and 3258?
181
What is the greatest common factor of 1559640 and 66420?
2460
Calculate the highest common divisor of 986 and 177866019.
493
Calculate the greatest common divisor of 4579 and 1650609.
241
What is the greatest common divisor of 39198675 and 258956?
1579
What is the highest common factor of 26046 and 16434?
18
What is the highest common divisor of 4140 and 165485?
115
Calculate the highest common divisor of 1642328 and 2552.
232
What is the greatest common divisor of 62281969 and 6093?
6